i**3/2 - i**2/2 - i. Calculate n(p).
-5
Suppose -2*i - 4 = -4*i. Suppose -3*z + 4*x + i = -8, 8 = 2*z - 3*x. Let u(w) = w**3 - 2*w - 8*w**2 + 9*w**2 + w**2 - 3. Calculate u(z).
1
Let c be 2/3 - (-10)/3. Let k(r) = c*r - 10*r + 7*r + 3. Give k(-5).
-2
Let g(t) = t - 6 + 0*t + 6. Let j be g(-1). Let m(p) = 2*p - 1. Determine m(j).
-3
Let r(y) = -y**3 + 2*y**2 + 4*y + 3. Let t be -3 - (-2 + 18)/(-2). Let d be (2/t)/(6/60). Give r(d).
-13
Let d(u) = -u**2 - 6. Let t(i) = -i + 2. Let z be t(0). Suppose z*h = -h. Calculate d(h).
-6
Suppose -t = -x + 7, -4*x - x - 4*t = 10. Let s(c) = c + 3*c + c**x + 3*c + 6. Give s(-4).
-6
Let o be 0 + 4/(-12)*-9. Suppose 4*n = 16, 4*n - 16 = o*z - 0. Let y(i) = i**3 - i**2 + i + 8. Give y(z).
8
Let v(w) = 5 - 45*w + 1 + 46*w. Give v(0).
6
Let n(p) be the second derivative of -p**6/120 + p**5/10 + p**3 - 5*p**2/2 - 5*p. Let b(w) be the first derivative of n(w). Give b(6).
6
Let l(b) be the second derivative of b**5/20 - b**4/3 - 2*b**3/3 - 2*b**2 + 2*b. Give l(5).
1
Suppose -3*t - 12 = -7*t. Let a(f) = f - 3 - 2 + t + 3*f. Calculate a(2).
6
Let o be 0/((-3)/(3 + 0)). Suppose o = -5*k - 3*f - 11, -4*k + f - 16 = 3. Let w(n) = n**2 + 3*n - 2. Determine w(k).
2
Let o(a) = a - 3. Suppose 0 = -3*g + g + 24. Suppose -l + 5*l - g = 0. Give o(l).
0
Suppose 9*w = 5*w + 28. Suppose 0 = 5*m - 5*d + 3 + 12, 0 = -5*m - 3*d - w. Let n(c) = 0 - c + 3 + 7*c. What is n(m)?
-9
Let m be 1 + 5 + -1 + -1. Let s(t) = 0*t - m*t + 3 - t + t**2. Let x(q) = 2*q - 2. Let n be x(3). Give s(n).
-1
Let t(v) = 9*v**2 + v + 1. Let l be t(-1). Let b(u) = l*u**2 + 4 - u**2 + u**3 - 2*u**3 - 3*u**2. Determine b(5).
4
Suppose -19 - 1 = -2*o. Suppose 2 + o = 4*n. Let d(c) be the third derivative of c**5/60 - c**4/6 - c**3/6 + 11*c**2. What is d(n)?
-4
Let o(m) = m**2 + 3*m - 5. Suppose -w + 0 = -2. Suppose -2*p + 0*p - 14 = 5*h, 0 = w*p - h + 2. Let u be ((-4)/(-5))/(p/10). What is o(u)?
-1
Let y(v) = -18*v**3 + v**2 - 1. Suppose 2*j + 9 = -5*l, -3*l + 10*j + 3 = 7*j. Determine y(l).
18
Let c(z) be the second derivative of -z**4/6 + z**3/3 + z**2/2 - 2*z. Let b be c(2). Let r(f) = -4*f - 2. What is r(b)?
10
Let t(q) = -q**3 - 9*q**2 - 8*q + 4. Let u be (1 + -7)/(6/8*1). Calculate t(u).
4
Let x = 1 + -6. Let a be 18/x - 3/(-5). Let p(g) = -g - 5*g + g + 3*g - g**2 - 2. Calculate p(a).
-5
Let m(j) = -7*j + 1. Let t = -5 - -11. Suppose y - z - 10 = 0, -y + z - t = 4*z. Let v be 1/y + 35/(-30). Calculate m(v).
8
Let f be 2/(-6) + 8/6. Let j(c) be the first derivative of -2*c**3/3 + 2*c**2 - 5*c - 2. Let y(a) = a**2 - 5*a + 6. Let i(b) = -5*j(b) - 4*y(b). Give i(f).
7
Let h be 1*(1 - 0)*-3. Let c be ((3 + h)/1)/(-2). Suppose -8 = -2*f - c. Let k(t) = -3*t. Determine k(f).
-12
Let u(n) = -3*n + 12. Let j be u(5). Let k(h) = h + 6. What is k(j)?
3
Let j(f) = f**2 - f - 2. Let k(o) = -4*o - 6. Let z be k(-2). What is j(z)?
0
Let s(f) = 2*f**2 + 7*f + 5. Suppose 1 = -w + 3*l - 1, 0 = -w + 4*l - 4. Suppose w*i - 2*o = 8*i + 24, 0 = 3*o + 12. Determine s(i).
9
Let d(z) = -z**2 - 3*z + 7. Let c be d(6). Let q = -33 - c. Let w be q/(-63) + (-43)/9. Let l(r) = r + 3. Determine l(w).
-2
Let a = 1 + 0. Let k(z) = -3 - 10 + a - z. Let j be k(-8). Let u(o) = -o**3 - 4*o**2 - o - 2. Determine u(j).
2
Suppose -5*d = -8*d - 12. Let t be d/(1/((-6)/4)). Let z(p) = -p**2 + 6*p + 5. Determine z(t).
5
Let o be 6 + -2 + 0 + -2. Let t(u) = -4*u + 7 + 0 + 2 - 3*u + u**o. Calculate t(6).
3
Let m(y) = y**2 - y + 1. Let g be m(3). Let z(n) = -n**3 + 6*n**2 + 7*n - 1. Determine z(g).
-1
Suppose -7 = 2*v - 17. Let b be 5 + -8 + v/1. Let w(y) = 1 + 0*y**2 + y**3 - 5 - 2*y**b. What is w(3)?
5
Let z(i) = -i - 6. Let d(o) = -o**3 + o**2 + 4*o - 2. Let y be d(3). What is z(y)?
2
Let p(f) = 9*f. Let x(m) = -m**2 - 8*m - 6. Let h be x(-7). Give p(h).
9
Let g(v) = -37*v**2 + 8*v - 5. Let k(b) = 12*b**2 - 3*b + 2. Let s(z) = -3*g(z) - 8*k(z). What is s(1)?
14
Let d(k) = -k - 1. Suppose -11 = 4*r - 3*h, 2*r = 3*r + 5*h + 20. Determine d(r).
4
Let c(b) be the second derivative of b**7/840 - b**6/60 + b**5/30 + 5*b**4/24 - b**3/2 - b. Let y(p) be the second derivative of c(p). What is y(5)?
0
Let f(b) = b**2 + 2*b + 3. Let j be -6 - (34/(-10) + (-38)/(-95)). Determine f(j).
6
Let r(q) be the third derivative of q**6/120 + q**5/60 + q**4/24 - q**3/6 + 17*q**2. Calculate r(1).
2
Let r(g) = -6 - 4 + 2*g + 16*g**3 - 8*g**2 - 15*g**3 + g**2. Suppose 28 = -s + 5*s. Determine r(s).
4
Let w(n) = -63*n - n**2 + 39*n + 7 + 27*n. Calculate w(5).
-3
Let p(s) be the first derivative of 7*s**3/3 - s**2 - s - 11. Calculate p(-1).
8
Let w(n) = n**3 - 4*n**2 + 4*n - 3. Let m(q) = q**3 - 9*q**2 + 8*q + 7. Let b be m(8). Let l = 1 - b. Let d be (-23)/(-7) + l/21. What is w(d)?
0
Let s(y) = y + 1. Let l(p) = -p - 1. Let g(f) = 4*l(f) + 3*s(f). Suppose 1 = 3*h + 4. Calculate g(h).
0
Let l be 8 + 0/3 - 3. Let p(b) = l*b + 3*b - b + b**2 + 1. What is p(-6)?
-5
Let b be 1/((-1)/6 - 0). Let i(o) = -2*o + 9. Let z(n) = -n + 10. Let c(p) = b*i(p) + 5*z(p). Let d(v) = 6*v - 3. Let y(w) = -3*c(w) + 4*d(w). Give y(1).
3
Let c = 21 + -20. Let f(q) = q**3 - q**2 - q - 1. Let u(y) = 9*y - 3*y**2 - 4*y**3 + 4*y**2 + 7 - y**3. Let v(n) = c*u(n) + 6*f(n). Give v(4).
-3
Let d(y) = -y**2 + 2*y + 1. Suppose 0 = 5*g - 2*o + 14, g - 4*g + 2*o = 10. Determine d(g).
-7
Let a(v) = -6*v**2 - 2*v - 1. Let w be a(-1). Let j(x) = -x**3 - 4*x**2 + 5*x - 1. Calculate j(w).
-1
Let f(l) = -77*l + 0*l**2 - l**2 + 2 + 72*l. Let c be 1*-1 - (-5 + 8). What is f(c)?
6
Suppose 3*k + 6 = 4*k. Let i(o) = 0 - k + 4*o - o - 2*o. Determine i(0).
-6
Let s(o) be the third derivative of o**4/24 + 7*o**3/6 + o**2. Let b = -9 + 6. What is s(b)?
4
Let o(d) = 2*d + 2. Suppose 3*z = -0*z. Suppose 3*k + 4*b + 20 = -k, -2*k + 2*b - 18 = z. Let g = k + 11. What is o(g)?
10
Suppose 3*p = 4*f - 5*f + 10, -5*p + 10 = -5*f. Let n = -23 + 30. Let t(x) = -4*x**3 + 0*x**3 + 0*x**2 + n*x**3 - x**2. Give t(f).
2
Let p be (-1)/(-1) + -1 - -1. Suppose 4*u + 9 - p = 0. Let y(d) = -d**3 - d**2 + d. Give y(u).
2
Let v(t) be the second derivative of -t**4/12 + 4*t**2 - 3*t. What is v(0)?
8
Let x(c) = -c**2 - 5*c + 5. Let d be (-10)/(-3)*(-162)/45. Let j = 6 + d. What is x(j)?
-1
Suppose -6 + 2 = -4*s - 3*h, 4*s + h - 12 = 0. Let l(g) = -3*g**3 - 2*g**3 + 5*g - g + s*g**3 + 3*g**2. What is l(4)?
0
Suppose -4*m + 22 = 3*f, -1 = -m + 3. Let o be -2*(2 + (-3)/f). Let x(r) = -7*r**3 + r**2 - 1. Calculate x(o).
7
Let k(c) = -c + 6. Let g be k(4). Let h(w) = w**2 - w + 2. Let u be h(g). Let f(r) = r**3 - 4*r**2 - r + 4. What is f(u)?
0
Let y = -53 - -78. Suppose -m + 6*m = y. Let k(t) be the third derivative of t**6/120 - t**5/10 + t**4/4 - t**3/2 - 2*t**2 - 8*t. Give k(m).
2
Let p be (-2 - -1 - -6) + -1. Let k(h) = 1 + 11*h - p*h - 2 - h**2. Let c be ((-25)/15)/((-15)/54). Determine k(c).
5
Let i = 2 - 3. Let r = 13 + -11. Let t(j) = -6*j**3 - 1 + 4*j - 4*j + j - r*j**2 - 3*j. Calculate t(i).
5
Let g be (-12)/10*(-50)/(-15). Let t(y) be the first derivative of 1/2*y**2 + 1 + 8*y. Determine t(g).
4
Let w(b) = -b**2 + b + 1. Let q(s) = s**2 - 4*s - 1. Let l(g) = -q(g) - 6*w(g). Let y(p) = 9*p**2 - 3*p - 9. Let d(o) = 11*l(o) - 6*y(o). Determine d(3).
-4
Let q(n) = -2*n - 9. Let g(l) = -2*l - 9. Let c(p) = 5*g(p) - 4*q(p). What is c(-6)?
3
Let q(s) = -2 + 9 - 2*s - 1 - s**2 - 5. Calculate q(-2).
1
Let w be 12/(-9)*(-6)/(-4). Let p(f) = -2*f - 3. Determine p(w).
1
Suppose -b = 3*b + 4*s + 28, 4*b - 3*s - 7 = 0. Suppose r = -0 + 2. Let v be (-9)/((-7)/b - r). Let g(x) = x + 9. Determine g(v).
3
Let q(g) = 5*g. Suppose -3*j - 2*m + 14 = 0, -2*m - 2*m + 18 = j. Determine q(j).
10
Suppose 3*s = 4*f - f + 24, 0 = -4*f - 8. Let b = s + -1. Suppose b*k - 25 = 0, -3*v + 8*k - 32 = 4*k. Let d(m) = m - 2. What is d(v)?
-6
Let l(g) = 5*g + 2 + 0 - 10*g + g**2. Let d = 8 + -4. Calculate l(d).
-2
Let b(y) be the first derivative of y**3/3 + 3*y**2/2 - 2*y + 6. Give b(-4).
2
Let k = -5 + 5. Let x(t) = -5*t**3 - 2*t**2 + 1 + t**2 + k*t**2. Suppose 2*q = 1 + 1. Calculate x(q).
-5
Suppose -5 = -3*g + 4*i, -4*i + 9*i - 34 = -2*g. Let s(p) be the first derivative of -g*p + 1/2*p**2 - 3. Determine s(0).
-7
Let q = 110 + -76. Let l(n) = 20 + 5*n + 14 - q. Determine l(-2).
-10
Let a(x) be the third derivative